{"id":299,"date":"2025-02-09T07:57:39","date_gmt":"2025-02-09T07:57:39","guid":{"rendered":"https:\/\/wordpress.sodiase.dak-dc.fr\/?page_id=299"},"modified":"2025-02-09T15:09:21","modified_gmt":"2025-02-09T15:09:21","slug":"infos-et-contact","status":"publish","type":"page","link":"https:\/\/wordpress.sodiase.dak-dc.fr\/?page_id=299","title":{"rendered":"Infos et Contact"},"content":{"rendered":"<div data-colibri-id=\"299-c1\" class=\"style-515 style-local-299-c1 position-relative\">\n  <!---->\n  <div data-colibri-component=\"section\" data-colibri-id=\"299-c2\" id=\"custom-2\" class=\"h-section h-section-global-spacing d-flex align-items-lg-center align-items-md-center align-items-center style-534 style-local-299-c2 position-relative\">\n    <!---->\n    <!---->\n    <div class=\"h-section-grid-container h-section-boxed-container\">\n      <!---->\n      <div data-colibri-id=\"299-c3\" class=\"h-row-container gutters-row-lg-0 gutters-row-md-0 gutters-row-0 gutters-row-v-lg-0 gutters-row-v-md-0 gutters-row-v-0 style-537 style-local-299-c3 position-relative\">\n        <!---->\n        <div class=\"h-row justify-content-lg-center justify-content-md-center justify-content-center align-items-lg-stretch align-items-md-stretch align-items-stretch gutters-col-lg-0 gutters-col-md-0 gutters-col-0 gutters-col-v-lg-0 gutters-col-v-md-0 gutters-col-v-0\">\n          <!---->\n          <div class=\"h-column h-column-container d-flex h-col-lg-auto h-col-md-auto h-col-auto style-538-outer style-local-299-c4-outer\">\n            <div data-colibri-id=\"299-c4\" class=\"d-flex h-flex-basis h-column__inner h-px-lg-0 h-px-md-0 h-px-0 v-inner-lg-0 v-inner-md-0 v-inner-0 style-538 style-local-299-c4 position-relative\">\n              <!---->\n              <!---->\n              <div class=\"w-100 h-y-container h-column__content h-column__v-align flex-basis-100 align-self-lg-start align-self-md-start align-self-start\">\n                <!---->\n                <div data-colibri-id=\"299-c5\" class=\"h-text h-text-component style-530 style-local-299-c5 position-relative h-element\">\n                  <!---->\n                  <!---->\n                  <div class=\"\">\n                    <p>Besoin d&#8217;informations compl\u00e9mentaires ? N&#8217;h\u00e9sitez pas \u00e0 nous contacter.<\/p>\n                  <\/div>\n                <\/div>\n                <div data-colibri-id=\"299-c6\" class=\"h-row-container gutters-row-lg-0 gutters-row-md-0 gutters-row-0 gutters-row-v-lg-0 gutters-row-v-md-0 gutters-row-v-0 style-520 style-local-299-c6 position-relative\">\n                  <!---->\n                  <div class=\"h-row justify-content-lg-center justify-content-md-center justify-content-center align-items-lg-stretch align-items-md-stretch align-items-stretch gutters-col-lg-0 gutters-col-md-0 gutters-col-0 gutters-col-v-lg-0 gutters-col-v-md-0 gutters-col-v-0\">\n                    <!---->\n                    <div class=\"h-column h-column-container d-flex h-col-lg-auto h-col-md-auto h-col-auto style-521-outer style-local-299-c7-outer\">\n                      <div data-colibri-id=\"299-c7\" class=\"d-flex h-flex-basis h-column__inner h-px-lg-0 h-px-md-0 h-px-0 v-inner-lg-0 v-inner-md-0 v-inner-0 style-521 style-local-299-c7 position-relative\">\n                        <!---->\n                        <!---->\n                        <div class=\"w-100 h-y-container h-column__content h-column__v-align flex-basis-100 align-self-lg-start align-self-md-start align-self-start\">\n                          <!---->\n                          <div data-colibri-id=\"299-c8\" class=\"h-icon style-524 style-local-299-c8 position-relative h-element\">\n                            <!----><span class=\"h-svg-icon h-icon__icon style-524-icon style-local-299-c8-icon\"><!--Icon by Font Awesome (https:\/\/fontawesome.com)-->\n    <svg version=\"1.1\" xmlns=\"http:\/\/www.w3.org\/2000\/svg\" xmlns:xlink=\"http:\/\/www.w3.org\/1999\/xlink\" id=\"phone\" viewBox=\"0 0 1408 1896.0833\">\n      <path d=\"M1408 1240q0 27-10 70.5t-21 68.5q-21 50-122 106-94 51-186 51-27 0-53-3.5t-57.5-12.5-47-14.5T856 1485t-49-18q-98-35-175-83-127-79-264-216T152 904q-48-77-83-175-3-9-18-49t-20.5-55.5-14.5-47T3.5 520 0 467q0-92 51-186 56-101 106-122 25-11 68.5-21t70.5-10q14 0 21 3 18 6 53 76 11 19 30 54t35 63.5 31 53.5q3 4 17.5 25t21.5 35.5 7 28.5q0 20-28.5 50t-62 55-62 53-28.5 46q0 9 5 22.5t8.5 20.5 14 24 11.5 19q76 137 174 235t235 174q2 1 19 11.5t24 14 20.5 8.5 22.5 5q18 0 46-28.5t53-62 55-62 50-28.5q14 0 28.5 7t35.5 21.5 25 17.5q25 15 53.5 31t63.5 35 54 30q70 35 76 53 3 7 3 21z\"><\/path>\n    <\/svg><\/span><\/div>\n                          <div data-colibri-id=\"299-c9\" class=\"h-text h-text-component style-525 style-local-299-c9 position-relative h-element\">\n                            <!---->\n                            <!---->\n                            <div class=\"\">\n                              <p>\n                                <br>\n                              <\/p>\n                              <p>01.55.96.32.70<\/p>\n                            <\/div>\n                          <\/div>\n                        <\/div>\n                      <\/div>\n                    <\/div>\n                    <div class=\"h-column h-column-container d-flex h-col-lg-auto h-col-md-auto h-col-auto style-577-outer style-local-299-c13-outer\">\n                      <div data-colibri-id=\"299-c13\" class=\"d-flex h-flex-basis h-column__inner h-px-lg-0 h-px-md-0 h-px-0 v-inner-lg-0 v-inner-md-0 v-inner-0 style-577 style-local-299-c13 position-relative\">\n                        <!---->\n                        <!---->\n                        <div class=\"w-100 h-y-container h-column__content h-column__v-align flex-basis-100 align-self-lg-start align-self-md-start align-self-start\">\n                          <!---->\n                          <div data-colibri-id=\"299-c14\" class=\"h-icon style-527 style-local-299-c14 position-relative h-element\">\n                            <!----><span class=\"h-svg-icon h-icon__icon style-527-icon style-local-299-c14-icon\"><!--Icon by Font Awesome (https:\/\/fontawesome.com)-->\n    <svg version=\"1.1\" xmlns=\"http:\/\/www.w3.org\/2000\/svg\" xmlns:xlink=\"http:\/\/www.w3.org\/1999\/xlink\" id=\"envelope-o\" viewBox=\"0 0 1792 1896.0833\">\n      <path d=\"M1664 1504V736q-32 36-69 66-268 206-426 338-51 43-83 67t-86.5 48.5T897 1280h-2q-48 0-102.5-24.5T706 1207t-83-67q-158-132-426-338-37-30-69-66v768q0 13 9.5 22.5t22.5 9.5h1472q13 0 22.5-9.5t9.5-22.5zm0-1051v-24.5l-.5-13-3-12.5-5.5-9-9-7.5-14-2.5H160q-13 0-22.5 9.5T128 416q0 168 147 284 193 152 401 317 6 5 35 29.5t46 37.5 44.5 31.5T852 1143t43 9h2q20 0 43-9t50.5-27.5 44.5-31.5 46-37.5 35-29.5q208-165 401-317 54-43 100.5-115.5T1664 453zm128-37v1088q0 66-47 113t-113 47H160q-66 0-113-47T0 1504V416q0-66 47-113t113-47h1472q66 0 113 47t47 113z\"><\/path>\n    <\/svg><\/span><\/div>\n                          <div data-colibri-id=\"299-c15\" class=\"h-text h-text-component style-528 style-local-299-c15 position-relative h-element\">\n                            <!---->\n                            <!---->\n                            <div class=\"\">\n                              <p>\n                                <br>\n                              <\/p>\n                              <p>sodiase94100@gmail.com<\/p>\n                              <p>\n                                <br>\n                              <\/p>\n                            <\/div>\n                          <\/div>\n                        <\/div>\n                      <\/div>\n                    <\/div>\n                  <\/div>\n                <\/div>\n                <div data-colibri-id=\"299-c28\" class=\"h-row-container gutters-row-lg-2 gutters-row-md-2 gutters-row-0 gutters-row-v-lg-2 gutters-row-v-md-2 gutters-row-v-2 style-601 style-local-299-c28 position-relative\">\n                  <!---->\n                  <div class=\"h-row justify-content-lg-center justify-content-md-center justify-content-center align-items-lg-stretch align-items-md-stretch align-items-stretch gutters-col-lg-2 gutters-col-md-2 gutters-col-0 gutters-col-v-lg-2 gutters-col-v-md-2 gutters-col-v-2\">\n                    <!---->\n                    <div class=\"h-column h-column-container d-flex h-col-lg-auto h-col-md-auto h-col-auto style-602-outer style-local-299-c29-outer\">\n                      <div data-colibri-id=\"299-c29\" class=\"d-flex h-flex-basis h-column__inner h-px-lg-2 h-px-md-2 h-px-2 v-inner-lg-2 v-inner-md-2 v-inner-2 style-602 style-local-299-c29 position-relative\">\n                        <!---->\n                        <!---->\n                        <div class=\"w-100 h-y-container h-column__content h-column__v-align flex-basis-100 align-self-lg-start align-self-md-start align-self-start\">\n                          <!---->\n                          <div data-colibri-id=\"299-c27\" class=\"d-block style-600 style-local-299-c27 position-relative h-element\">\n                            <!---->\n                            <div class=\"h-image__frame-container-outer\">\n                              <div class=\"h-image__frame-container\">\n                                <!---->\n                                <!---->\n                                <img decoding=\"async\" src=\"https:\/\/wordpress.sodiase.dak-dc.fr\/wp-content\/uploads\/2025\/02\/maps-768x642.png\" class=\"style-600-image style-local-299-c27-image\">\n                                <div class=\"h-image__frame h-hide-lg h-hide-md h-hide-sm style-600-frameImage style-local-299-c27-frameImage\"><\/div>\n                              <\/div>\n                            <\/div>\n                          <\/div>\n                        <\/div>\n                      <\/div>\n                    <\/div>\n                    <div class=\"h-column h-column-container d-flex h-col-lg-auto h-col-md-auto h-col-auto style-603-outer style-local-299-c30-outer\">\n                      <div data-colibri-id=\"299-c30\" class=\"d-flex h-flex-basis h-column__inner h-px-lg-2 h-px-md-2 h-px-2 v-inner-lg-2 v-inner-md-2 v-inner-2 style-603 style-local-299-c30 position-relative\">\n                        <!---->\n                        <!---->\n                        <div class=\"w-100 h-y-container h-column__content h-column__v-align flex-basis-100 align-self-lg-start align-self-md-start align-self-start\">\n                          <!---->\n                          <div data-colibri-id=\"299-c11\" class=\"h-icon style-579 style-local-299-c11 position-relative h-element\">\n                            <!----><span class=\"h-svg-icon h-icon__icon style-579-icon style-local-299-c11-icon\"><!--Icon by Font Awesome (https:\/\/fontawesome.com)-->\n    <svg version=\"1.1\" xmlns=\"http:\/\/www.w3.org\/2000\/svg\" xmlns:xlink=\"http:\/\/www.w3.org\/1999\/xlink\" id=\"map-marker\" viewBox=\"0 0 1049.8953 1896.0833\">\n      <path d=\"M768 640q0-106-75-181t-181-75-181 75-75 181 75 181 181 75 181-75 75-181zm256 0q0 109-33 179l-364 774q-16 33-47.5 52t-67.5 19-67.5-19-46.5-52L33 819Q0 749 0 640q0-212 150-362t362-150 362 150 150 362z\"><\/path>\n    <\/svg><\/span><\/div>\n                          <div data-colibri-id=\"299-c12\" class=\"h-text h-text-component style-580 style-local-299-c12 position-relative h-element\">\n                            <!---->\n                            <!---->\n                            <div class=\"\">\n                              <p>6 quater du boulevard de Cr\u00e9teil &#8211;&nbsp;2 Bld du G\u00e9n\u00e9ral Giraud &#8211;&nbsp;94100 Saint Maur des foss\u00e9s<\/p>\n                            <\/div>\n                          <\/div>\n                          <div data-colibri-id=\"299-c31\" class=\"h-global-transition-all h-heading style-604 style-local-299-c31 position-relative h-element\">\n                            <!---->\n                            <div class=\"h-heading__outer style-604 style-local-299-c31\">\n                              <!---->\n                              <!---->\n                              <h6 class=\"\">Depuis l&#8217;autoroute A86<\/h6>\n                            <\/div>\n                          <\/div>\n                          <div data-colibri-id=\"299-c32\" class=\"h-text h-text-component style-605 style-local-299-c32 position-relative h-element\">\n                            <!---->\n                            <!---->\n                            <div class=\"\">\n                              <p>Prendre la sortie 23<\/p>\n                              <p>Suivre la direction Saint-Maur-des-Foss\u00e9s enAvenue du Mar\u00e9chal de Lattre de Tassigny .<\/p>\n                              <p>Continuer tout droit sur le boulevard de Cr\u00e9teil.<\/p>\n                              <p>Le concessionnaire se trouve sur la droite au 6 quater boulevard de Cr\u00e9teil .<\/p>\n                            <\/div>\n                          <\/div>\n                          <div data-colibri-id=\"299-c33\" class=\"h-global-transition-all h-heading style-606 style-local-299-c33 position-relative h-element\">\n                            <!---->\n                            <div class=\"h-heading__outer style-606 style-local-299-c33\">\n                              <!---->\n                              <!---->\n                              <h6 class=\"\">Depuis Paris<\/h6>\n                            <\/div>\n                          <\/div>\n                          <div data-colibri-id=\"299-c34\" class=\"h-text h-text-component style-607 style-local-299-c34 position-relative h-element\">\n                            <!---->\n                            <!---->\n                            <div class=\"\">\n                              <p>Prendre l&#8217; A4dProvince \/ Metz-Nancy .<\/p>\n                              <p>Sortir \u00e0 Joinville-le-PontetD86 eSaint-Maur-des-Foss\u00e9s .<\/p>\n                              <p>Continuer sur la D86 , puis prendreD4 (Boulevard de Cr\u00e9teil).<\/p>\n                              <p>Le concessionnaire est situ\u00e9 sur la gauche.<\/p>\n                            <\/div>\n                          <\/div>\n                        <\/div>\n                      <\/div>\n                    <\/div>\n                  <\/div>\n                <\/div>\n              <\/div>\n            <\/div>\n          <\/div>\n        <\/div>\n      <\/div>\n      <div data-colibri-id=\"299-c16\" class=\"h-row-container gutters-row-lg-2 gutters-row-md-2 gutters-row-0 gutters-row-v-lg-2 gutters-row-v-md-2 gutters-row-v-2 style-535 style-local-299-c16 position-relative\">\n        <!---->\n        <div class=\"h-row justify-content-lg-center justify-content-md-center justify-content-center align-items-lg-stretch align-items-md-stretch align-items-stretch gutters-col-lg-2 gutters-col-md-2 gutters-col-0 gutters-col-v-lg-2 gutters-col-v-md-2 gutters-col-v-2\">\n          <!---->\n          <div class=\"h-column h-column-container d-flex h-col-lg-auto h-col-md-auto h-col-auto style-536-outer style-local-299-c17-outer\">\n            <div data-colibri-id=\"299-c17\" class=\"d-flex h-flex-basis h-column__inner h-px-lg-2 h-px-md-2 h-px-2 v-inner-lg-2 v-inner-md-2 v-inner-2 style-536 style-local-299-c17 position-relative\">\n              <!---->\n              <!---->\n              <div class=\"w-100 h-y-container h-column__content h-column__v-align flex-basis-100 align-self-lg-start align-self-md-start align-self-start\">\n                <!---->\n                <div data-colibri-id=\"299-c18\" class=\"h-row-container gutters-row-lg-0 gutters-row-md-0 gutters-row-0 gutters-row-v-lg-0 gutters-row-v-md-0 gutters-row-v-0 style-540 style-local-299-c18 position-relative\">\n                  <!---->\n                  <div class=\"h-row justify-content-lg-center justify-content-md-center justify-content-center align-items-lg-stretch align-items-md-stretch align-items-stretch gutters-col-lg-0 gutters-col-md-0 gutters-col-0 gutters-col-v-lg-0 gutters-col-v-md-0 gutters-col-v-0\">\n                    <!---->\n                    <div class=\"h-column h-column-container d-flex h-col-lg-auto h-col-md-auto h-col-auto style-541-outer style-local-299-c19-outer\">\n                      <div data-colibri-id=\"299-c19\" class=\"d-flex h-flex-basis h-column__inner h-px-lg-0 h-px-md-0 h-px-0 v-inner-lg-0 v-inner-md-0 v-inner-0 style-541 style-local-299-c19 position-relative\">\n                        <!---->\n                        <!---->\n                        <div class=\"w-100 h-y-container h-column__content h-column__v-align flex-basis-100 align-self-lg-start align-self-md-start align-self-start\">\n                          <!---->\n                          <div data-colibri-id=\"299-c20\" class=\"h-global-transition-all h-heading style-545 style-local-299-c20 position-relative h-element\">\n                            <!---->\n                            <div class=\"h-heading__outer style-545 style-local-299-c20\">\n                              <!---->\n                              <!---->\n                              <h5 class=\"\">Horaires du Shoowroom<\/h5>\n                            <\/div>\n                          <\/div>\n                          <div data-colibri-id=\"299-c21\" class=\"d-block style-543 style-local-299-c21 position-relative h-element\">\n                            <!---->\n                            <div class=\"h-image__frame-container-outer\">\n                              <div class=\"h-image__frame-container\">\n                                <!---->\n                                <!---->\n                                <img decoding=\"async\" src=\"https:\/\/wordpress.sodiase.dak-dc.fr\/wp-content\/uploads\/2025\/02\/cropped-PHOTO1-300x300.png\" class=\"style-543-image style-local-299-c21-image\">\n                                <div class=\"h-image__frame h-hide-lg h-hide-md h-hide-sm style-543-frameImage style-local-299-c21-frameImage\"><\/div>\n                              <\/div>\n                            <\/div>\n                          <\/div>\n                          <div data-colibri-id=\"299-c22\" class=\"h-text h-text-component style-547 style-local-299-c22 position-relative h-element\">\n                            <!---->\n                            <!---->\n                            <div class=\"\">\n                              <p>Du Lundi au Vendredi de 9H00 \u00e0 12H00 et de 14H00 \u00e0 19H00<\/p>\n                              <p>Le Samedi de 09H30 \u00e0 12H30 et de 14H00 \u00e0 18H00<\/p>\n                            <\/div>\n                          <\/div>\n                        <\/div>\n                      <\/div>\n                    <\/div>\n                    <div class=\"h-column h-column-container d-flex h-col-lg-auto h-col-md-auto h-col-auto style-542-outer style-local-299-c23-outer\">\n                      <div data-colibri-id=\"299-c23\" class=\"d-flex h-flex-basis h-column__inner h-px-lg-0 h-px-md-0 h-px-0 v-inner-lg-0 v-inner-md-0 v-inner-0 style-542 style-local-299-c23 position-relative\">\n                        <!---->\n                        <!---->\n                        <div class=\"w-100 h-y-container h-column__content h-column__v-align flex-basis-100 align-self-lg-start align-self-md-start align-self-start\">\n                          <!---->\n                          <div data-colibri-id=\"299-c24\" class=\"h-global-transition-all h-heading style-546 style-local-299-c24 position-relative h-element\">\n                            <!---->\n                            <div class=\"h-heading__outer style-546 style-local-299-c24\">\n                              <!---->\n                              <!---->\n                              <h5 class=\"\">Horaires de L&#8217;Atelier<\/h5>\n                            <\/div>\n                          <\/div>\n                          <div data-colibri-id=\"299-c25\" class=\"d-block style-544 style-local-299-c25 position-relative h-element\">\n                            <!---->\n                            <div class=\"h-image__frame-container-outer\">\n                              <div class=\"h-image__frame-container\">\n                                <!---->\n                                <!---->\n                                <img decoding=\"async\" src=\"https:\/\/wordpress.sodiase.dak-dc.fr\/wp-content\/uploads\/2025\/02\/cropped-slider-img-3-300x300.jpg\" class=\"style-544-image style-local-299-c25-image\">\n                                <div class=\"h-image__frame h-hide-lg h-hide-md h-hide-sm style-544-frameImage style-local-299-c25-frameImage\"><\/div>\n                              <\/div>\n                            <\/div>\n                          <\/div>\n                          <div data-colibri-id=\"299-c26\" class=\"h-text h-text-component style-548 style-local-299-c26 position-relative h-element\">\n                            <!---->\n                            <!---->\n                            <div class=\"\">\n                              <p>Du Lundi au Jeudi de 8H00 \u00e0 12H00 et de 13H30 \u00e0 18H00<\/p>\n                              <p>Le Vendredi de 08H00 \u00e0 12H00 et de 13H30 \u00e0 17H00<\/p>\n                              <p>\n                                <br>\n                              <\/p>\n                            <\/div>\n                          <\/div>\n                        <\/div>\n                      <\/div>\n                    <\/div>\n                  <\/div>\n                <\/div>\n              <\/div>\n            <\/div>\n          <\/div>\n        <\/div>\n      <\/div>\n    <\/div>\n  <\/div>\n<\/div>","protected":false},"excerpt":{"rendered":"<p>Besoin d&#8217;informations compl\u00e9mentaires ? N&#8217;h\u00e9sitez pas \u00e0 nous contacter. 01.55.96.32.70 sodiase94100@gmail.com 6 quater du boulevard de Cr\u00e9teil &#8211;&nbsp;2 Bld du G\u00e9n\u00e9ral Giraud &#8211;&nbsp;94100 Saint Maur des foss\u00e9s Depuis l&#8217;autoroute A86 Prendre la sortie 23 Suivre la direction Saint-Maur-des-Foss\u00e9s enAvenue du Mar\u00e9chal de Lattre de Tassigny . Continuer tout droit sur le boulevard de Cr\u00e9teil. Le [&hellip;]<\/p>\n","protected":false},"author":1,"featured_media":0,"parent":0,"menu_order":0,"comment_status":"closed","ping_status":"closed","template":"page-templates\/homepage.php","meta":{"footnotes":""},"class_list":["post-299","page","type-page","status-publish","hentry"],"_links":{"self":[{"href":"https:\/\/wordpress.sodiase.dak-dc.fr\/index.php?rest_route=\/wp\/v2\/pages\/299","targetHints":{"allow":["GET"]}}],"collection":[{"href":"https:\/\/wordpress.sodiase.dak-dc.fr\/index.php?rest_route=\/wp\/v2\/pages"}],"about":[{"href":"https:\/\/wordpress.sodiase.dak-dc.fr\/index.php?rest_route=\/wp\/v2\/types\/page"}],"author":[{"embeddable":true,"href":"https:\/\/wordpress.sodiase.dak-dc.fr\/index.php?rest_route=\/wp\/v2\/users\/1"}],"replies":[{"embeddable":true,"href":"https:\/\/wordpress.sodiase.dak-dc.fr\/index.php?rest_route=%2Fwp%2Fv2%2Fcomments&post=299"}],"version-history":[{"count":13,"href":"https:\/\/wordpress.sodiase.dak-dc.fr\/index.php?rest_route=\/wp\/v2\/pages\/299\/revisions"}],"predecessor-version":[{"id":635,"href":"https:\/\/wordpress.sodiase.dak-dc.fr\/index.php?rest_route=\/wp\/v2\/pages\/299\/revisions\/635"}],"wp:attachment":[{"href":"https:\/\/wordpress.sodiase.dak-dc.fr\/index.php?rest_route=%2Fwp%2Fv2%2Fmedia&parent=299"}],"curies":[{"name":"wp","href":"https:\/\/api.w.org\/{rel}","templated":true}]}}