{"id":269,"date":"2025-02-09T07:37:10","date_gmt":"2025-02-09T07:37:10","guid":{"rendered":"https:\/\/wordpress.sodiase.dak-dc.fr\/?page_id=269"},"modified":"2025-02-09T14:45:46","modified_gmt":"2025-02-09T14:45:46","slug":"vendez-votre-vehicule","status":"publish","type":"page","link":"https:\/\/wordpress.sodiase.dak-dc.fr\/?page_id=269","title":{"rendered":"Vendez votre v\u00e9hicule"},"content":{"rendered":"<div data-colibri-id=\"269-c1\" class=\"style-452 style-local-269-c1 position-relative\">\n  <!---->\n  <div data-colibri-component=\"section\" data-colibri-id=\"269-c2\" id=\"custom\" class=\"h-section h-section-global-spacing d-flex align-items-lg-center align-items-md-center align-items-center style-453 style-local-269-c2 position-relative\">\n    <!---->\n    <!---->\n    <div class=\"h-section-grid-container h-section-boxed-container\">\n      <!---->\n      <div data-colibri-id=\"269-c23\" class=\"h-row-container gutters-row-lg-2 gutters-row-md-2 gutters-row-0 gutters-row-v-lg-2 gutters-row-v-md-2 gutters-row-v-2 style-597 style-local-269-c23 position-relative\">\n        <!---->\n        <div class=\"h-row justify-content-lg-center justify-content-md-center justify-content-center align-items-lg-stretch align-items-md-stretch align-items-stretch gutters-col-lg-2 gutters-col-md-2 gutters-col-0 gutters-col-v-lg-2 gutters-col-v-md-2 gutters-col-v-2\">\n          <!---->\n          <div class=\"h-column h-column-container d-flex h-col-lg-auto h-col-md-auto h-col-auto style-598-outer style-local-269-c24-outer\">\n            <div data-colibri-id=\"269-c24\" class=\"d-flex h-flex-basis h-column__inner h-px-lg-2 h-px-md-2 h-px-2 v-inner-lg-2 v-inner-md-2 v-inner-2 style-598 style-local-269-c24 position-relative\">\n              <!---->\n              <!---->\n              <div class=\"w-100 h-y-container h-column__content h-column__v-align flex-basis-100 align-self-lg-start align-self-md-start align-self-start\">\n                <!---->\n                <div data-colibri-id=\"269-c25\" class=\"d-block style-599 style-local-269-c25 position-relative h-element\">\n                  <!---->\n                  <div class=\"h-image__frame-container-outer\">\n                    <div class=\"h-image__frame-container\">\n                      <!---->\n                      <!---->\n                      <img loading=\"lazy\" decoding=\"async\" width=\"500\" height=\"304\" src=\"https:\/\/wordpress.sodiase.dak-dc.fr\/wp-content\/uploads\/2025\/02\/Sans-titre.png\" class=\"wp-image-611 style-599-image style-local-269-c25-image\" alt=\"\" srcset=\"https:\/\/wordpress.sodiase.dak-dc.fr\/wp-content\/uploads\/2025\/02\/Sans-titre.png 500w, https:\/\/wordpress.sodiase.dak-dc.fr\/wp-content\/uploads\/2025\/02\/Sans-titre-300x182.png 300w\" sizes=\"auto, (max-width: 500px) 100vw, 500px\" \/>\n                      <div class=\"h-image__frame h-hide-lg h-hide-md h-hide-sm style-599-frameImage style-local-269-c25-frameImage\"><\/div>\n                    <\/div>\n                  <\/div>\n                <\/div>\n                <div data-colibri-id=\"269-c28\" class=\"h-text h-text-component style-456 style-local-269-c28 position-relative h-element\">\n                  <!---->\n                  <!---->\n                  <div class=\"\">\n                    <p>Vendre votre v\u00e9hicule dans notre concession c&#8217;est s&#8217;assurer :&nbsp;&nbsp;<\/p>\n                  <\/div>\n                <\/div>\n              <\/div>\n            <\/div>\n          <\/div>\n        <\/div>\n      <\/div>\n      <div data-colibri-id=\"269-c6\" class=\"h-row-container gutters-row-lg-2 gutters-row-md-2 gutters-row-0 gutters-row-v-lg-2 gutters-row-v-md-2 gutters-row-v-2 style-457 style-local-269-c6 position-relative\">\n        <!---->\n        <div class=\"h-row justify-content-lg-center justify-content-md-center justify-content-center align-items-lg-stretch align-items-md-stretch align-items-stretch gutters-col-lg-2 gutters-col-md-2 gutters-col-0 gutters-col-v-lg-2 gutters-col-v-md-2 gutters-col-v-2\">\n          <!---->\n          <div class=\"h-column h-column-container d-flex h-col-lg-auto h-col-md-auto h-col-auto style-458-outer style-local-269-c7-outer\">\n            <div data-colibri-id=\"269-c7\" class=\"d-flex h-flex-basis h-column__inner h-px-lg-2 h-px-md-2 h-px-2 v-inner-lg-2 v-inner-md-2 v-inner-2 style-458 style-local-269-c7 position-relative\">\n              <!---->\n              <!---->\n              <div class=\"w-100 h-y-container h-column__content h-column__v-align flex-basis-100 align-self-lg-start align-self-md-start align-self-start\">\n                <!---->\n                <div data-colibri-id=\"269-c8\" class=\"h-icon style-467 style-local-269-c8 position-relative h-element\">\n                  <!----><span class=\"h-svg-icon h-icon__icon style-467-icon style-local-269-c8-icon\"><!--Icon by Font Awesome (https:\/\/fontawesome.com)-->\n    <svg version=\"1.1\" xmlns=\"http:\/\/www.w3.org\/2000\/svg\" xmlns:xlink=\"http:\/\/www.w3.org\/1999\/xlink\" id=\"search\" viewBox=\"0 0 1672.2646 1896.0833\">\n      <path d=\"M1152 832q0-185-131.5-316.5T704 384 387.5 515.5 256 832t131.5 316.5T704 1280t316.5-131.5T1152 832zm512 832q0 52-38 90t-90 38q-54 0-90-38l-343-342q-179 124-399 124-143 0-273.5-55.5t-225-150-150-225T0 832t55.5-273.5 150-225 225-150T704 128t273.5 55.5 225 150 150 225T1408 832q0 220-124 399l343 343q37 37 37 90z\"><\/path>\n    <\/svg><\/span><\/div>\n                <div data-colibri-id=\"269-c9\" class=\"h-text h-text-component style-462 style-local-269-c9 position-relative h-element\">\n                  <!---->\n                  <!---->\n                  <div class=\"\">\n                    <p>Une \u00e9valuation gratuite et sans engagement r\u00e9alis\u00e9 par un professionnel de l&#8217;automobile<\/p>\n                  <\/div>\n                <\/div>\n              <\/div>\n            <\/div>\n          <\/div>\n          <div class=\"h-column h-column-container d-flex h-col-lg-auto h-col-md-auto h-col-auto style-459-outer style-local-269-c10-outer\">\n            <div data-colibri-id=\"269-c10\" class=\"d-flex h-flex-basis h-column__inner h-px-lg-2 h-px-md-2 h-px-2 v-inner-lg-2 v-inner-md-2 v-inner-2 style-459 style-local-269-c10 position-relative\">\n              <!---->\n              <!---->\n              <div class=\"w-100 h-y-container h-column__content h-column__v-align flex-basis-100 align-self-lg-start align-self-md-start align-self-start\">\n                <!---->\n                <div data-colibri-id=\"269-c11\" class=\"h-icon style-469 style-local-269-c11 position-relative h-element\">\n                  <!----><span class=\"h-svg-icon h-icon__icon style-469-icon style-local-269-c11-icon\"><!--Icon by Font Awesome (https:\/\/fontawesome.com)-->\n    <svg version=\"1.1\" xmlns=\"http:\/\/www.w3.org\/2000\/svg\" xmlns:xlink=\"http:\/\/www.w3.org\/1999\/xlink\" id=\"eye\" viewBox=\"0 0 1792 1896.0833\">\n      <path d=\"M1664 960q-152-236-381-353 61 104 61 225 0 185-131.5 316.5T896 1280t-316.5-131.5T448 832q0-121 61-225-229 117-381 353 133 205 333.5 326.5T896 1408t434.5-121.5T1664 960zM944 576q0-20-14-34t-34-14q-125 0-214.5 89.5T592 832q0 20 14 34t34 14 34-14 14-34q0-86 61-147t147-61q20 0 34-14t14-34zm848 384q0 34-20 69-140 230-376.5 368.5T896 1536t-499.5-139T20 1029Q0 994 0 960t20-69q140-229 376.5-368T896 384t499.5 139T1772 891q20 35 20 69z\"><\/path>\n    <\/svg><\/span><\/div>\n                <div data-colibri-id=\"269-c12\" class=\"h-text h-text-component style-463 style-local-269-c12 position-relative h-element\">\n                  <!---->\n                  <!---->\n                  <div class=\"\">\n                    <p>Une estimation rapide et fiable de votre v\u00e9hicule en fonction de ses caract\u00e9ristiques<\/p>\n                  <\/div>\n                <\/div>\n              <\/div>\n            <\/div>\n          <\/div>\n          <div class=\"h-column h-column-container d-flex h-col-lg-auto h-col-md-auto h-col-auto style-460-outer style-local-269-c13-outer\">\n            <div data-colibri-id=\"269-c13\" class=\"d-flex h-flex-basis h-column__inner h-px-lg-2 h-px-md-2 h-px-2 v-inner-lg-2 v-inner-md-2 v-inner-2 style-460 style-local-269-c13 position-relative\">\n              <!---->\n              <!---->\n              <div class=\"w-100 h-y-container h-column__content h-column__v-align flex-basis-100 align-self-lg-start align-self-md-start align-self-start\">\n                <!---->\n                <div data-colibri-id=\"269-c14\" class=\"h-icon style-471 style-local-269-c14 position-relative h-element\">\n                  <!----><span class=\"h-svg-icon h-icon__icon style-471-icon style-local-269-c14-icon\"><!--Icon by Font Awesome (https:\/\/fontawesome.com)-->\n    <svg version=\"1.1\" xmlns=\"http:\/\/www.w3.org\/2000\/svg\" xmlns:xlink=\"http:\/\/www.w3.org\/1999\/xlink\" id=\"check-square-o\" viewBox=\"0 0 1664 1896.0833\">\n      <path d=\"M1408 930v318q0 119-84.5 203.5T1120 1536H288q-119 0-203.5-84.5T0 1248V416q0-119 84.5-203.5T288 128h832q63 0 117 25 15 7 18 23 3 17-9 29l-49 49q-10 10-23 10-3 0-9-2-23-6-45-6H288q-66 0-113 47t-47 113v832q0 66 47 113t113 47h832q66 0 113-47t47-113V994q0-13 9-22l64-64q10-10 23-10 6 0 12 3 20 8 20 29zm231-489l-814 814q-24 24-57 24t-57-24L281 825q-24-24-24-57t24-57l110-110q24-24 57-24t57 24l263 263 647-647q24-24 57-24t57 24l110 110q24 24 24 57t-24 57z\"><\/path>\n    <\/svg><\/span><\/div>\n                <div data-colibri-id=\"269-c15\" class=\"h-text h-text-component style-464 style-local-269-c15 position-relative h-element\">\n                  <!---->\n                  <!---->\n                  <div class=\"\">\n                    <p>La s\u00e9curit\u00e9 reprise par notre point de vente spoticar<\/p>\n                  <\/div>\n                <\/div>\n              <\/div>\n            <\/div>\n          <\/div>\n          <div class=\"h-column h-column-container d-flex h-col-lg-auto h-col-md-auto h-col-auto style-461-outer style-local-269-c16-outer\">\n            <div data-colibri-id=\"269-c16\" class=\"d-flex h-flex-basis h-column__inner h-px-lg-2 h-px-md-2 h-px-2 v-inner-lg-2 v-inner-md-2 v-inner-2 style-461 style-local-269-c16 position-relative\">\n              <!---->\n              <!---->\n              <div class=\"w-100 h-y-container h-column__content h-column__v-align flex-basis-100 align-self-lg-start align-self-md-start align-self-start\">\n                <!---->\n                <div data-colibri-id=\"269-c17\" class=\"h-icon style-473 style-local-269-c17 position-relative h-element\">\n                  <!----><span class=\"h-svg-icon h-icon__icon style-473-icon style-local-269-c17-icon\"><!--Icon by Font Awesome (https:\/\/fontawesome.com)-->\n    <svg version=\"1.1\" xmlns=\"http:\/\/www.w3.org\/2000\/svg\" xmlns:xlink=\"http:\/\/www.w3.org\/1999\/xlink\" id=\"eur\" viewBox=\"0 0 1218.7993 1896.0833\">\n      <path d=\"M976 1307l35 159q3 12-3 22.5t-17 14.5l-5 1q-4 2-10.5 3.5t-16 4.5-21.5 5.5-25.5 5-30 5-33.5 4.5-36.5 3-38.5 1q-234 0-409-130.5T127 1054H32q-13 0-22.5-9.5T0 1022V909q0-13 9.5-22.5T32 877h66q-2-57 1-105H32q-14 0-23-9t-9-23V626q0-14 9-23t23-9h98q67-210 243.5-338T774 128q102 0 194 23 11 3 20 15 6 11 3 24l-43 159q-3 13-14 19.5t-24 2.5l-4-1q-4-1-11.5-2.5L877 364l-22.5-3.5-26-3-29-2.5-29.5-1q-126 0-226 64T394 594h468q16 0 25 12 10 12 7 26l-24 114q-5 26-32 26H350q-3 37 0 105h459q15 0 25 12 9 12 6 27l-24 112q-2 11-11 18.5t-20 7.5H398q48 117 149.5 185.5T776 1308q18 0 36-1.5t33.5-3.5 29.5-4.5 24.5-5 18.5-4.5l12-3 5-2q13-5 26 2 12 7 15 21z\"><\/path>\n    <\/svg><\/span><\/div>\n                <div data-colibri-id=\"269-c18\" class=\"h-text h-text-component style-465 style-local-269-c18 position-relative h-element\">\n                  <!---->\n                  <!---->\n                  <div class=\"\">\n                    <p>Le r\u00e8glement de votre v\u00e9hicule dans un d\u00e9lai de 8 jours.<\/p>\n                  <\/div>\n                <\/div>\n              <\/div>\n            <\/div>\n          <\/div>\n        <\/div>\n      <\/div>\n      <div data-colibri-id=\"269-c19\" class=\"h-row-container gutters-row-lg-2 gutters-row-md-2 gutters-row-0 gutters-row-v-lg-2 gutters-row-v-md-2 gutters-row-v-2 style-557 style-local-269-c19 position-relative\">\n        <!---->\n        <div class=\"h-row justify-content-lg-center justify-content-md-center justify-content-center align-items-lg-stretch align-items-md-stretch align-items-stretch gutters-col-lg-2 gutters-col-md-2 gutters-col-0 gutters-col-v-lg-2 gutters-col-v-md-2 gutters-col-v-2\">\n          <!---->\n          <div class=\"h-column h-column-container d-flex h-col-lg-auto h-col-md-auto h-col-auto style-558-outer style-local-269-c20-outer\">\n            <div data-colibri-id=\"269-c20\" class=\"d-flex h-flex-basis h-column__inner h-px-lg-2 h-px-md-2 h-px-2 v-inner-lg-2 v-inner-md-2 v-inner-2 style-558 style-local-269-c20 position-relative\">\n              <!---->\n              <!---->\n              <div class=\"w-100 h-y-container h-column__content h-column__v-align flex-basis-100 align-self-lg-start align-self-md-start align-self-start\">\n                <!---->\n                <div data-colibri-id=\"269-c21\" class=\"h-x-container style-559 style-local-269-c21 position-relative h-element\">\n                  <!---->\n                  <div class=\"h-x-container-inner style-dynamic-269-c21-group style-559-spacing style-local-269-c21-spacing\"><span class=\"h-button__outer style-560-outer style-local-269-c22-outer d-inline-flex h-element\"><a h-use-smooth-scroll=\"true\" href=\"https:\/\/wordpress.sodiase.dak-dc.fr\/?page_id=299\"  data-colibri-id=\"269-c22\" class=\"d-flex w-100 align-items-center h-button justify-content-lg-center justify-content-md-center justify-content-center style-560 style-local-269-c22 position-relative\"><!----><!----> <span>Contactez-nous<\/span><\/a>\n                    <\/span>\n                  <\/div>\n                <\/div>\n              <\/div>\n            <\/div>\n          <\/div>\n        <\/div>\n      <\/div>\n    <\/div>\n  <\/div>\n<\/div>","protected":false},"excerpt":{"rendered":"<p>Vendre votre v\u00e9hicule dans notre concession c&#8217;est s&#8217;assurer :&nbsp;&nbsp; Une \u00e9valuation gratuite et sans engagement r\u00e9alis\u00e9 par un professionnel de l&#8217;automobile Une estimation rapide et fiable de votre v\u00e9hicule en fonction de ses caract\u00e9ristiques La s\u00e9curit\u00e9 reprise par notre point de vente spoticar Le r\u00e8glement de votre v\u00e9hicule dans un d\u00e9lai de 8 jours. Contactez-nous<\/p>\n","protected":false},"author":1,"featured_media":0,"parent":0,"menu_order":0,"comment_status":"closed","ping_status":"closed","template":"page-templates\/homepage.php","meta":{"footnotes":""},"class_list":["post-269","page","type-page","status-publish","hentry"],"_links":{"self":[{"href":"https:\/\/wordpress.sodiase.dak-dc.fr\/index.php?rest_route=\/wp\/v2\/pages\/269","targetHints":{"allow":["GET"]}}],"collection":[{"href":"https:\/\/wordpress.sodiase.dak-dc.fr\/index.php?rest_route=\/wp\/v2\/pages"}],"about":[{"href":"https:\/\/wordpress.sodiase.dak-dc.fr\/index.php?rest_route=\/wp\/v2\/types\/page"}],"author":[{"embeddable":true,"href":"https:\/\/wordpress.sodiase.dak-dc.fr\/index.php?rest_route=\/wp\/v2\/users\/1"}],"replies":[{"embeddable":true,"href":"https:\/\/wordpress.sodiase.dak-dc.fr\/index.php?rest_route=%2Fwp%2Fv2%2Fcomments&post=269"}],"version-history":[{"count":10,"href":"https:\/\/wordpress.sodiase.dak-dc.fr\/index.php?rest_route=\/wp\/v2\/pages\/269\/revisions"}],"predecessor-version":[{"id":620,"href":"https:\/\/wordpress.sodiase.dak-dc.fr\/index.php?rest_route=\/wp\/v2\/pages\/269\/revisions\/620"}],"wp:attachment":[{"href":"https:\/\/wordpress.sodiase.dak-dc.fr\/index.php?rest_route=%2Fwp%2Fv2%2Fmedia&parent=269"}],"curies":[{"name":"wp","href":"https:\/\/api.w.org\/{rel}","templated":true}]}}